{"version":"1.0","provider_name":"Talleres Chancela","provider_url":"https:\/\/grupochancela.es\/gl","author_name":"admin","author_url":"https:\/\/grupochancela.es\/gl\/author\/admin\/","title":"AUDI A4 S line ed 2.0 TDI 140kW quat S tro Avant 5p. - Talleres Chancela","type":"rich","width":600,"height":338,"html":"<blockquote class=\"wp-embedded-content\" data-secret=\"QBFV1oYhwz\"><a href=\"https:\/\/grupochancela.es\/gl\/property\/fiat-ducato-2-3-furgon-l2-h2\/\">AUDI A4 S line ed 2.0 TDI 140kW quat S tro Avant 5p.<\/a><\/blockquote><iframe sandbox=\"allow-scripts\" security=\"restricted\" src=\"https:\/\/grupochancela.es\/gl\/property\/fiat-ducato-2-3-furgon-l2-h2\/embed\/#?secret=QBFV1oYhwz\" width=\"600\" height=\"338\" title=\"&#8220;AUDI A4 S line ed 2.0 TDI 140kW quat S tro Avant 5p.&#8221; &#8212; Talleres Chancela\" data-secret=\"QBFV1oYhwz\" frameborder=\"0\" marginwidth=\"0\" marginheight=\"0\" scrolling=\"no\" class=\"wp-embedded-content\"><\/iframe><script type=\"text\/javascript\">\n\/*! This file is auto-generated *\/\n!function(c,d){\"use strict\";var e=!1,o=!1;if(d.querySelector)if(c.addEventListener)e=!0;if(c.wp=c.wp||{},c.wp.receiveEmbedMessage);else if(c.wp.receiveEmbedMessage=function(e){var t=e.data;if(!t);else if(!(t.secret||t.message||t.value));else if(\/[^a-zA-Z0-9]\/.test(t.secret));else{for(var r,s,a,i=d.querySelectorAll('iframe[data-secret=\"'+t.secret+'\"]'),n=d.querySelectorAll('blockquote[data-secret=\"'+t.secret+'\"]'),o=new RegExp(\"^https?:$\",\"i\"),l=0;l<n.length;l++)n[l].style.display=\"none\";for(l=0;l<i.length;l++)if(r=i[l],e.source!==r.contentWindow);else{if(r.removeAttribute(\"style\"),\"height\"===t.message){if(1e3<(s=parseInt(t.value,10)))s=1e3;else if(~~s<200)s=200;r.height=s}if(\"link\"===t.message)if(s=d.createElement(\"a\"),a=d.createElement(\"a\"),s.href=r.getAttribute(\"src\"),a.href=t.value,!o.test(a.protocol));else if(a.host===s.host)if(d.activeElement===r)c.top.location.href=t.value}}},e)c.addEventListener(\"message\",c.wp.receiveEmbedMessage,!1),d.addEventListener(\"DOMContentLoaded\",t,!1),c.addEventListener(\"load\",t,!1);function t(){if(o);else{o=!0;for(var e,t,r,s=-1!==navigator.appVersion.indexOf(\"MSIE 10\"),a=!!navigator.userAgent.match(\/Trident.*rv:11\\.\/),i=d.querySelectorAll(\"iframe.wp-embedded-content\"),n=0;n<i.length;n++){if(!(r=(t=i[n]).getAttribute(\"data-secret\")))r=Math.random().toString(36).substr(2,10),t.src+=\"#?secret=\"+r,t.setAttribute(\"data-secret\",r);if(s||a)(e=t.cloneNode(!0)).removeAttribute(\"security\"),t.parentNode.replaceChild(e,t);t.contentWindow.postMessage({message:\"ready\",secret:r},\"*\")}}}}(window,document);\n<\/script>","thumbnail_url":"http:\/\/grupochancela.es\/wp-content\/uploads\/2023\/07\/WhatsApp-Image-2023-02-24-at-12.54.231.jpeg","thumbnail_width":1600,"thumbnail_height":1200,"description":"AUDI A4 Avant S-Line Edition 2.0 TDIcr (190cv) Quattro, S-Tronic. &#8211; Veh\u00edculo procedente de Renting con todos los mantenimientos al d\u00eda y en un estado impecable tanto exterior como interiormente. &#8211; El precio incluye un a\u00f1o de garant\u00eda y transferencia a nombre del cliente. &#8211; El precio financiado est\u00e1 sujeto a una financiaci\u00f3n m\u00ednima de&hellip;&nbsp;Ler m\u00e1is &raquo;"}

AUDI A4 Avant S-Line Edition 2.0 TDIcr (190cv) Quattro, S-Tronic. &#8211; Vehículo procedente de Renting con todos los mantenimientos al día y en un estado impecable tanto exterior como interiormente. &#8211; El precio incluye un año de garantía y transferencia a nombre del cliente. &#8211; El precio financiado está sujeto a una financiación mínima de&hellip;&nbsp;Ler máis &raquo;
